t is the ten thousands digit of 376262898?
6
What is the tens digit of 364118855?
5
What is the hundreds digit of 7649964445?
4
What is the ten thousands digit of 25431633?
3
What is the millions digit of 180901829?
0
What is the units digit of 64559117?
7
What is the units digit of 409794001?
1
What is the hundred thousands digit of 7828496862?
4
What is the millions digit of 212069583?
2
What is the millions digit of 3779463349?
9
What is the ten thousands digit of 2874268296?
6
What is the millions digit of 592948168?
2
What is the ten thousands digit of 78639?
7
What is the tens digit of 111919234?
3
What is the hundred thousands digit of 333370429?
3
What is the thousands digit of 106634000?
4
What is the tens digit of 740697595?
9
What is the thousands digit of 20918061?
8
What is the hundreds digit of 7788573?
5
What is the ten thousands digit of 208672622?
7
What is the hundred millions digit of 340754343?
3
What is the millions digit of 15803641?
5
What is the thousands digit of 3892330743?
0
What is the tens digit of 35906340?
4
What is the millions digit of 7238623544?
8
What is the ten thousands digit of 299720325?
2
What is the hundreds digit of 34550147?
1
What is the billions digit of 1552033591?
1
What is the hundred millions digit of 1641737777?
6
What is the hundred millions digit of 1437309186?
4
What is the units digit of 7004347403?
3
What is the millions digit of 561059810?
1
What is the tens digit of 55254284?
8
What is the ten millions digit of 264692858?
6
What is the hundred thousands digit of 1967259030?
2
What is the ten millions digit of 255178052?
5
What is the hundred thousands digit of 74354262?
3
What is the thousands digit of 52346693?
6
What is the millions digit of 5924263?
5
What is the hundreds digit of 657174321?
3
What is the billions digit of 1159535048?
1
What is the tens digit of 921297665?
6
What is the thousands digit of 55555338?
5
What is the hundred thousands digit of 5655915240?
9
What is the thousands digit of 55026254?
6
What is the ten thousands digit of 56277255?
7
What is the units digit of 2484158748?
8
What is the ten thousands digit of 34947116?
4
What is the hundred thousands digit of 632011766?
0
What is the units digit of 5742936627?
7
What is the hundred millions digit of 6543675457?
5
What is the hundred thousands digit of 91340681?
3
What is the hundred millions digit of 304467540?
3
What is the ten millions digit of 228473882?
2
What is the units digit of 1034008915?
5
What is the tens digit of 32611452?
5
What is the hundreds digit of 4316387068?
0
What is the ten thousands digit of 1435881029?
8
What is the ten thousands digit of 624315892?
1
What is the tens digit of 765468411?
1
What is the thousands digit of 3379125012?
5
What is the hundred millions digit of 156886781?
1
What is the ten millions digit of 129411750?
2
What is the hundred thousands digit of 860936424?
9
What is the ten thousands digit of 67110710?
1
What is the ten thousands digit of 1221272299?
7
What is the units digit of 2068818830?
0
What is the tens digit of 3038156704?
0
What is the millions digit of 2304119284?
4
What is the hundred millions digit of 167267304?
1
What is the hundred millions digit of 484134347?
4
What is the thousands digit of 470476296?
6
What is the hundreds digit of 6146792?
7
What is the hundreds digit of 44432897?
8
What is the ten thousands digit of 271529183?
2
What is the ten thousands digit of 1527670963?
7
What is the hundred thousands digit of 1046367143?
3
What is the tens digit of 3611522?
2
What is the tens digit of 194924170?
7
What is the thousands digit of 1341845417?
5
What is the tens digit of 22193058?
5
What is the hundred thousands digit of 914376665?
3
What is the thousands digit of 1627147135?
7
What is the hundred thousands digit of 958596550?
5
What is the hundreds digit of 15208748?
7
What is the millions digit of 886063266?
6
What is the billions digit of 1107547107?
1
What is the ten thousands digit of 103071400?
7
What is the hundred thousands digit of 22359707?
3
What is the hundreds digit of 449952820?
8
What is the units digit of 12821629?
9
What is the tens digit of 87941271?
7
What is the hundreds digit of 5952019?
0
What is the millions digit of 839562953?
9
What is the hundred thousands digit of 255654448?
6
What is the ten thousands digit of 118537543?
3
What is the ten thousands digit of 3048851972?
5
What is the ten millions digit of 67559353?
6
What is the hundreds digit of 395957766?
7
What is the millions digit of 7023646932?
3
What is the hundreds digit of 3074208604?
6
What is the billions digit of 1745808763?
1
What is the millions digit of 442815364?
2
What is the hundreds digit of 5830254107?
1
What is the millions digit of 250471979?
0
What is the tens digit of 16016698?
9
What is the ten thousands digit of 83861765?
6
What is the hundred thousands digit of 666671216?
6
What is the hundred millions digit of 244898820?
2
What is the hundreds digit of 15667515?
5
What is the hundreds digit of 1492642093?
0
What is the millions digit of 875037836?
5
What is the hundred thousands digit of 71713092?
7
What is the ten millions digit of 71837164?
7
What is the thousands digit of 203396506?
6
What is the ten thousands digit of 3524314771?
1
What is the thousands digit of 22422031?
2
What is the hundred millions digit of 222025150?
2
What is the hundred thousands digit of 174950950?
9
What is the hundreds digit of 29522613?
6
What is the hundred millions digit of 947663153?
9
What is the tens digit of 8667415068?
6
What is the ten thousands digit of 800980541?
8
What is the ten thousands digit of 50042095?
4
What is the hundred thousands digit of 42942388?
9
What is the hundred millions digit of 2023464927?
0
What is the ten thousands digit of 195136246?
3
What is the ten millions digit of 226983186?
2
What is the millions digit of 2326452723?
6
What is the tens digit of 177116233?
3
What is the hundreds digit of 104298068?
0
What is the hundreds digit of 324674696?
6
What is the hundreds digit of 4959220033?
0
What is the units digit of 117735883?
3
What is the hundred thousands digit of 77669285?
6
What is the tens digit of 160107055?
5
What is the hundred millions digit of 5396653794?
3
What is the millions digit of 30853132?
0
What is the hundred thousands digit of 219762546?
7
What is the tens digit of 28797554?
5
What is the units digit of 1672330436?
6
What is the hundred millions digit of 123424932?
1
What is the billions digit of 3599728146?
3
What is the units digit of 1086213868?
8
What is the hundred thousands digit of 5547448124?
4
What is the ten thousands digit of 845036880?
3
What is the billions digit of 1499640422?
1
What is the ten thousands digit of 1178523362?
2
What is the tens digit of 195139714?
1
What is the units digit of 82681304?
4
What is the tens digit of 2842382?
8
What is the hundred thousands digit of 2667384109?
3
What is the units digit of 47523178?
8
What is the hundred millions digit of 938750905?
9
What is the hundred thousands digit of 2494396791?
3
What is the hundred millions digit of 193476894?
1
What is the units digit of 41577165?
5
What is the units digit of 395003968?
8
What is the units digit of 26242654?
4
What is the hundred thousands digit of 5149896?
1
What is the units digit of 43701108?
8
What is the tens digit of 188528272?
7
What is the hundred thousands digit of 19111768?
1
What is the tens digit of 793520213?
1
What is the units digit of 3928177724?
4
What is the tens digit of 77186548?
4
What is the units digit of 107585206?
6
What is the hundred millions digit of 897007986?
8
What is the ten thousands digit of 68991641?
9
What is the hundred thousands digit of 124321402?
3
What is the ten thousands digit of 99155991?
5
What is the billions digit of 4903163111?
4
What is the units digit of 1395728?
8
What is the tens digit of 375657757?
5
What is the millions digit of 20319844?
0
What is the units digit of 20182876?
6
What is the hundreds digit of 40368142?
1
What is the units digit of 6442972070?
0
What is the millions digit of 34690792?
4
What is the tens digit of 290075990?
9
What is the ten thousands digit of 5994219305?
1
What is the units digit of 55491143?
3
What is the hundred 